
Calculate the greatest common divisor of 3292 and 784319.
823
Calculate the greatest common factor of 2068 and 741284.
188
Calculate the greatest common divisor of 13965 and 945.
105
Calculate the highest common factor of 55 and 1290245.
55
Calculate the greatest common factor of 114 and 154527.
57
Calculate the greatest common divisor of 188 and 164547.
47
Calculate the greatest common divisor of 330 and 222486.
66
What is the greatest common factor of 5491 and 2754?
17
Calculate the highest common factor of 224 and 3633.
7
What is the highest common factor of 801 and 3267?
9
What is the highest common divisor of 637 and 40859?
91
What is the highest common divisor of 90 and 705816?
18
What is the highest common divisor of 2111121 and 1397?
127
What is the highest common divisor of 327345 and 1884?
471
Calculate the highest common factor of 21 and 1068263.
7
Calculate the greatest common factor of 43792 and 358708.
644
Calculate the highest common factor of 213103 and 66.
11
What is the greatest common divisor of 651 and 626493?
21
What is the highest common divisor of 60 and 8088?
12
Calculate the highest common factor of 446 and 475213.
223
Calculate the greatest common divisor of 1572532 and 364.
52
What is the greatest common factor of 488 and 80488?
8
Calculate the highest common divisor of 390 and 16271385.
195
What is the highest common factor of 1027785 and 15?
15
Calculate the greatest common factor of 102006 and 270.
54
Calculate the greatest common factor of 89 and 1301180.
89
Calculate the greatest common divisor of 344 and 294722.
86
Calculate the highest common divisor of 70 and 84550.
10
What is the greatest common divisor of 3539064 and 501?
501
Calculate the highest common divisor of 7786 and 5038.
458
What is the highest common divisor of 114 and 3546882?
114
What is the greatest common divisor of 64 and 519584?
32
Calculate the greatest common divisor of 184 and 2152984.
184
Calculate the greatest common factor of 9 and 959589.
9
Calculate the greatest common divisor of 112855 and 45.
5
Calculate the highest common factor of 4 and 25634.
2
Calculate the highest common factor of 15225 and 1425.
75
What is the greatest common factor of 4910 and 590?
10
What is the highest common divisor of 492 and 388?
4
What is the greatest common divisor of 275 and 91520?
55
Calculate the highest common divisor of 204 and 1277292.
12
What is the highest common factor of 61592 and 8?
8
Calculate the greatest common factor of 9 and 2938230.
9
Calculate the highest common divisor of 3663 and 12691.
37
What is the highest common factor of 603 and 78256?
67
What is the greatest common factor of 320 and 5680?
80
Calculate the greatest common divisor of 5892 and 1248.
12
What is the highest common factor of 864 and 848?
16
Calculate the highest common factor of 960 and 112.
16
What is the highest common factor of 203 and 566573?
203
Calculate the highest common divisor of 24708 and 7308.
348
What is the greatest common divisor of 7587 and 126?
9
Calculate the greatest common divisor of 2232 and 285417.
279
What is the highest common factor of 7581 and 189?
21
Calculate the greatest common factor of 60 and 46660.
20
Calculate the greatest common divisor of 20 and 23.
1
Calculate the greatest common divisor of 3026 and 712.
178
Calculate the greatest common factor of 9 and 28971.
9
Calculate the highest common divisor of 5226 and 14118.
78
What is the highest common divisor of 570 and 87?
3
Calculate the highest common factor of 91 and 120029.
91
Calculate the greatest common factor of 43948 and 4.
4
What is the greatest common factor of 21412 and 1484?
212
What is the highest common divisor of 1155 and 881650?
385
Calculate the highest common divisor of 2394 and 4484.
38
What is the highest common divisor of 154 and 1506?
2
What is the greatest common divisor of 456 and 669978?
114
What is the highest common divisor of 85 and 6035?
85
What is the greatest common divisor of 34084 and 44?
4
Calculate the greatest common factor of 108 and 2949966.
54
What is the greatest common divisor of 2655 and 1711?
59
Calculate the greatest common factor of 31636 and 5324.
44
Calculate the greatest common divisor of 63 and 12807.
9
Calculate the highest common factor of 30898 and 161.
7
Calculate the greatest common factor of 30 and 3280845.
15
What is the highest common factor of 13386 and 3588?
138
Calculate the highest common factor of 323 and 385628.
17
Calculate the highest common divisor of 83 and 1171.
1
Calculate the greatest common factor of 56 and 16380.
28
Calculate the highest common factor of 390 and 47820.
30
What is the highest common factor of 14 and 183288?
14
Calculate the greatest common factor of 414 and 30144.
6
Calculate the greatest common factor of 1158 and 613354.
386
What is the greatest common divisor of 414505 and 455?
455
Calculate the greatest common factor of 86722 and 32438.
662
Calculate the greatest common divisor of 70 and 4863425.
35
What is the greatest common divisor of 963 and 564853?
107
Calculate the greatest common factor of 32 and 73712.
16
What is the greatest common factor of 126352 and 954?
106
Calculate the greatest common divisor of 13169 and 14521.
13
What is the highest common factor of 320605 and 1332?
37
Calculate the greatest common divisor of 60 and 199860.
60
What is the highest common divisor of 336933 and 297?
27
Calculate the greatest common divisor of 109 and 217673.
109
Calculate the greatest common divisor of 45 and 60435.
45
What is the greatest common divisor of 104608 and 42?
14
What is the greatest common divisor of 5107466 and 494?
494
What is the highest common divisor of 14 and 320999?
7
Calculate the greatest common divisor of 11544 and 3256.
296
What is the greatest common divisor of 416 and 113312?
32
What is the greatest common divisor of 13739 and 1133?
11
Calculate the highest common factor of 44 and 434852.
44
What is the greatest common factor of 1089140 and 416?
52
Calculate the highest common factor of 50 and 2121850.
50
Calculate the highest common factor of 1148503 and 51.
17
Calculate the greatest common factor of 32 and 1915656.
8
What is the highest common factor of 2025 and 3150?
225
What is the greatest common divisor of 352 and 122848?
352
What is the highest common factor of 22838 and 266?
38
What is the highest common factor of 6297056 and 32?
32
What is the highest common factor of 44 and 7909?
11
What is the greatest common factor of 18311332 and 52?
52
What is the highest common divisor of 9 and 900159?
3
What is the greatest common factor of 323798 and 323?
19
What is the greatest common factor of 160 and 55110?
10
What is the highest common divisor of 10 and 402650?
10
What is the greatest common divisor of 5423 and 374?
187
Calculate the highest common divisor of 8112 and 49056.
48
What is the highest common factor of 47 and 15542383?
47
What is the highest common factor of 6 and 1229622?
6
What is the highest common divisor of 166464 and 14280?
408
Calculate the highest common divisor of 165024 and 240.
48
What is the highest common divisor of 5642 and 207886?
434
Calculate the highest common divisor of 70 and 13730.
10
Calculate the highest common divisor of 482112 and 384.
192
Calculate the highest common divisor of 36 and 40101.
3
Calculate the greatest common divisor of 73437 and 189.
21
What is the highest common factor of 24585 and 99?
33
Calculate the highest common factor of 106 and 80242.
106
Calculate the highest common divisor of 723 and 773369.
241
Calculate the greatest common divisor of 957 and 3654.
87
Calculate the highest common factor of 18401 and 1.
1
What is the greatest common factor of 5832 and 61128?
216
Calculate the greatest common divisor of 147878 and 4.
2
Calculate the greatest common factor of 428414 and 6958.
994
Calculate the highest common factor of 273 and 56004.
39
Calculate the greatest common divisor of 1433468 and 964.
964
Calculate the greatest common factor of 11396 and 462.
154
What is the greatest common divisor of 231 and 112882?
77
What is the greatest common factor of 1505 and 20510?
35
What is the highest common divisor of 32335 and 215?
5
What is the greatest common divisor of 28812 and 2796?
12
What is the highest com